{"id":25,"date":"2023-05-10T14:50:19","date_gmt":"2023-05-10T14:50:19","guid":{"rendered":"https:\/\/zmianacoaching.pro\/?page_id=25"},"modified":"2023-05-10T15:35:23","modified_gmt":"2023-05-10T15:35:23","slug":"kontakt-coaching-krakow","status":"publish","type":"page","link":"https:\/\/zmianacoaching.pro\/index.php\/kontakt-coaching-krakow\/","title":{"rendered":"Kontakt &#8211; coaching Krak\u00f3w"},"content":{"rendered":"\n<p class=\"has-contrast-color has-text-color\">Mo\u017cemy si\u0119 um\u00f3wi\u0107 na sesje zdalnie, z u\u017cyciem wybranego sposobu <a href=\"https:\/\/pl.wikipedia.org\/wiki\/Komunikator_internetowy\" target=\"_blank\" rel=\"noreferrer noopener\">komunikacji na odleg\u0142o\u015b\u0107<\/a>. Alternatywnie: coaching Krak\u00f3w, przy ul. J\u00f3zefit\u00f3w 9.<\/p>\n\n\n\n<blockquote class=\"wp-block-quote is-layout-flow wp-block-quote-is-layout-flow\">\n<p class=\"has-text-color\" style=\"color:#7c00de\"><strong>Zmiana &#8211; Us\u0142ugi Psychologiczne<\/strong><\/p>\n\n\n\n<p><a href=\"mailto:pawel@zmianacoaching.pro\" target=\"_blank\" rel=\"noreferrer noopener\">pawel@zmianacoaching.pro<\/a><\/p>\n\n\n\n<p>tel. 691 622 828<\/p>\n\n\n\n<p>ul. J\u00f3zefit\u00f3w 9<\/p>\n\n\n\n<p>NIP 8272220808<\/p>\n<\/blockquote>\n\n\n\n<p>Wi\u0119cej <a href=\"https:\/\/zmianacoaching.pro\/index.php\/coaching-ze-mna\/\">o mnie<\/a> i moim sposobie pracy.<\/p>\n\n\n\n<figure class=\"wp-block-image aligncenter size-full\"><img loading=\"lazy\" decoding=\"async\" width=\"408\" height=\"465\" src=\"https:\/\/zmianacoaching.pro\/wp-content\/uploads\/2023\/05\/305803535_109198068597591_9102228996560898037_n.png\" alt=\"Zmiana - Us\u0142ugi psychologiczne, coaching behawioralny\" class=\"wp-image-17\" srcset=\"https:\/\/zmianacoaching.pro\/wp-content\/uploads\/2023\/05\/305803535_109198068597591_9102228996560898037_n.png 408w, https:\/\/zmianacoaching.pro\/wp-content\/uploads\/2023\/05\/305803535_109198068597591_9102228996560898037_n-263x300.png 263w\" sizes=\"auto, (max-width: 408px) 100vw, 408px\" \/><\/figure>\n","protected":false},"excerpt":{"rendered":"<p>Mo\u017cemy si\u0119 um\u00f3wi\u0107 na sesje zdalnie, z u\u017cyciem wybranego sposobu komunikacji na odleg\u0142o\u015b\u0107. Alternatywnie: coaching Krak\u00f3w, przy ul. J\u00f3zefit\u00f3w 9. Zmiana &#8211; Us\u0142ugi Psychologiczne pawel@zmianacoaching.pro tel. 691 622 828 ul. J\u00f3zefit\u00f3w 9 NIP 8272220808 Wi\u0119cej o mnie i moim sposobie pracy.<\/p>\n","protected":false},"author":1,"featured_media":0,"parent":0,"menu_order":0,"comment_status":"closed","ping_status":"closed","template":"","meta":{"footnotes":""},"class_list":["post-25","page","type-page","status-publish","hentry"],"yoast_head":"<!-- This site is optimized with the Yoast SEO plugin v27.3 - https:\/\/yoast.com\/product\/yoast-seo-wordpress\/ -->\n<title>Kontakt - coaching Krak\u00f3w : Zmiana - Us\u0142ugi Psychologiczne<\/title>\n<meta name=\"description\" content=\"Prowadz\u0119 coaching w Krakowie lub zdalny, za po\u015brednictwem wybranej platformy. Coaching Krak\u00f3w: ul. J\u00f3zefit\u00f3w 9.\" \/>\n<meta name=\"robots\" content=\"index, follow, max-snippet:-1, max-image-preview:large, max-video-preview:-1\" \/>\n<link rel=\"canonical\" href=\"https:\/\/zmianacoaching.pro\/index.php\/kontakt-coaching-krakow\/\" \/>\n<meta property=\"og:locale\" content=\"en_US\" \/>\n<meta property=\"og:type\" content=\"article\" \/>\n<meta property=\"og:title\" content=\"Kontakt - coaching Krak\u00f3w : Zmiana - Us\u0142ugi Psychologiczne\" \/>\n<meta property=\"og:description\" content=\"Prowadz\u0119 coaching w Krakowie lub zdalny, za po\u015brednictwem wybranej platformy. Coaching Krak\u00f3w: ul. J\u00f3zefit\u00f3w 9.\" \/>\n<meta property=\"og:url\" content=\"https:\/\/zmianacoaching.pro\/index.php\/kontakt-coaching-krakow\/\" \/>\n<meta property=\"og:site_name\" content=\"Zmiana - Us\u0142ugi Psychologiczne\" \/>\n<meta property=\"article:publisher\" content=\"facebook.com\/zmianaup\" \/>\n<meta property=\"article:modified_time\" content=\"2023-05-10T15:35:23+00:00\" \/>\n<meta property=\"og:image\" content=\"https:\/\/zmianacoaching.pro\/wp-content\/uploads\/2023\/05\/305803535_109198068597591_9102228996560898037_n.png\" \/>\n<meta name=\"twitter:card\" content=\"summary_large_image\" \/>\n<meta name=\"twitter:label1\" content=\"Est. reading time\" \/>\n\t<meta name=\"twitter:data1\" content=\"1 minute\" \/>\n<script type=\"application\/ld+json\" class=\"yoast-schema-graph\">{\"@context\":\"https:\\\/\\\/schema.org\",\"@graph\":[{\"@type\":\"WebPage\",\"@id\":\"https:\\\/\\\/zmianacoaching.pro\\\/index.php\\\/kontakt-coaching-krakow\\\/\",\"url\":\"https:\\\/\\\/zmianacoaching.pro\\\/index.php\\\/kontakt-coaching-krakow\\\/\",\"name\":\"Kontakt - coaching Krak\u00f3w : Zmiana - Us\u0142ugi Psychologiczne\",\"isPartOf\":{\"@id\":\"https:\\\/\\\/zmianacoaching.pro\\\/#website\"},\"primaryImageOfPage\":{\"@id\":\"https:\\\/\\\/zmianacoaching.pro\\\/index.php\\\/kontakt-coaching-krakow\\\/#primaryimage\"},\"image\":{\"@id\":\"https:\\\/\\\/zmianacoaching.pro\\\/index.php\\\/kontakt-coaching-krakow\\\/#primaryimage\"},\"thumbnailUrl\":\"https:\\\/\\\/zmianacoaching.pro\\\/wp-content\\\/uploads\\\/2023\\\/05\\\/305803535_109198068597591_9102228996560898037_n.png\",\"datePublished\":\"2023-05-10T14:50:19+00:00\",\"dateModified\":\"2023-05-10T15:35:23+00:00\",\"description\":\"Prowadz\u0119 coaching w Krakowie lub zdalny, za po\u015brednictwem wybranej platformy. Coaching Krak\u00f3w: ul. J\u00f3zefit\u00f3w 9.\",\"breadcrumb\":{\"@id\":\"https:\\\/\\\/zmianacoaching.pro\\\/index.php\\\/kontakt-coaching-krakow\\\/#breadcrumb\"},\"inLanguage\":\"en-US\",\"potentialAction\":[{\"@type\":\"ReadAction\",\"target\":[\"https:\\\/\\\/zmianacoaching.pro\\\/index.php\\\/kontakt-coaching-krakow\\\/\"]}]},{\"@type\":\"ImageObject\",\"inLanguage\":\"en-US\",\"@id\":\"https:\\\/\\\/zmianacoaching.pro\\\/index.php\\\/kontakt-coaching-krakow\\\/#primaryimage\",\"url\":\"https:\\\/\\\/zmianacoaching.pro\\\/wp-content\\\/uploads\\\/2023\\\/05\\\/305803535_109198068597591_9102228996560898037_n.png\",\"contentUrl\":\"https:\\\/\\\/zmianacoaching.pro\\\/wp-content\\\/uploads\\\/2023\\\/05\\\/305803535_109198068597591_9102228996560898037_n.png\",\"width\":408,\"height\":465,\"caption\":\"Zmiana - Us\u0142ugi Psychologiczne; Prokrastynacja i sposoby radzenia sobie z ni\u0105\"},{\"@type\":\"BreadcrumbList\",\"@id\":\"https:\\\/\\\/zmianacoaching.pro\\\/index.php\\\/kontakt-coaching-krakow\\\/#breadcrumb\",\"itemListElement\":[{\"@type\":\"ListItem\",\"position\":1,\"name\":\"Strona g\u0142\u00f3wna\",\"item\":\"https:\\\/\\\/zmianacoaching.pro\\\/\"},{\"@type\":\"ListItem\",\"position\":2,\"name\":\"Kontakt &#8211; coaching Krak\u00f3w\"}]},{\"@type\":\"WebSite\",\"@id\":\"https:\\\/\\\/zmianacoaching.pro\\\/#website\",\"url\":\"https:\\\/\\\/zmianacoaching.pro\\\/\",\"name\":\"Zmiana - Us\u0142ugi Psychologiczne\",\"description\":\"Zmiana nawyk\u00f3w, radzenie sobie z prokrastynacj\u0105, radzenie sobie ze stresem, medytacja, coaching behawioralny\",\"publisher\":{\"@id\":\"https:\\\/\\\/zmianacoaching.pro\\\/#\\\/schema\\\/person\\\/049446d1c5baeeb057194bb605780e7a\"},\"alternateName\":\"Zmiana\",\"potentialAction\":[{\"@type\":\"SearchAction\",\"target\":{\"@type\":\"EntryPoint\",\"urlTemplate\":\"https:\\\/\\\/zmianacoaching.pro\\\/?s={search_term_string}\"},\"query-input\":{\"@type\":\"PropertyValueSpecification\",\"valueRequired\":true,\"valueName\":\"search_term_string\"}}],\"inLanguage\":\"en-US\"},{\"@type\":[\"Person\",\"Organization\"],\"@id\":\"https:\\\/\\\/zmianacoaching.pro\\\/#\\\/schema\\\/person\\\/049446d1c5baeeb057194bb605780e7a\",\"name\":\"Pawe\u0142\",\"image\":{\"@type\":\"ImageObject\",\"inLanguage\":\"en-US\",\"@id\":\"https:\\\/\\\/zmianacoaching.pro\\\/wp-content\\\/uploads\\\/2023\\\/05\\\/305803535_109198068597591_9102228996560898037_n.png\",\"url\":\"https:\\\/\\\/zmianacoaching.pro\\\/wp-content\\\/uploads\\\/2023\\\/05\\\/305803535_109198068597591_9102228996560898037_n.png\",\"contentUrl\":\"https:\\\/\\\/zmianacoaching.pro\\\/wp-content\\\/uploads\\\/2023\\\/05\\\/305803535_109198068597591_9102228996560898037_n.png\",\"width\":408,\"height\":465,\"caption\":\"Pawe\u0142\"},\"logo\":{\"@id\":\"https:\\\/\\\/zmianacoaching.pro\\\/wp-content\\\/uploads\\\/2023\\\/05\\\/305803535_109198068597591_9102228996560898037_n.png\"},\"sameAs\":[\"http:\\\/\\\/zmianacoaching.pro\",\"facebook.com\\\/zmianaup\"]}]}<\/script>\n<!-- \/ Yoast SEO plugin. -->","yoast_head_json":{"title":"Kontakt - coaching Krak\u00f3w : Zmiana - Us\u0142ugi Psychologiczne","description":"Prowadz\u0119 coaching w Krakowie lub zdalny, za po\u015brednictwem wybranej platformy. Coaching Krak\u00f3w: ul. J\u00f3zefit\u00f3w 9.","robots":{"index":"index","follow":"follow","max-snippet":"max-snippet:-1","max-image-preview":"max-image-preview:large","max-video-preview":"max-video-preview:-1"},"canonical":"https:\/\/zmianacoaching.pro\/index.php\/kontakt-coaching-krakow\/","og_locale":"en_US","og_type":"article","og_title":"Kontakt - coaching Krak\u00f3w : Zmiana - Us\u0142ugi Psychologiczne","og_description":"Prowadz\u0119 coaching w Krakowie lub zdalny, za po\u015brednictwem wybranej platformy. Coaching Krak\u00f3w: ul. J\u00f3zefit\u00f3w 9.","og_url":"https:\/\/zmianacoaching.pro\/index.php\/kontakt-coaching-krakow\/","og_site_name":"Zmiana - Us\u0142ugi Psychologiczne","article_publisher":"facebook.com\/zmianaup","article_modified_time":"2023-05-10T15:35:23+00:00","og_image":[{"url":"https:\/\/zmianacoaching.pro\/wp-content\/uploads\/2023\/05\/305803535_109198068597591_9102228996560898037_n.png","type":"","width":"","height":""}],"twitter_card":"summary_large_image","twitter_misc":{"Est. reading time":"1 minute"},"schema":{"@context":"https:\/\/schema.org","@graph":[{"@type":"WebPage","@id":"https:\/\/zmianacoaching.pro\/index.php\/kontakt-coaching-krakow\/","url":"https:\/\/zmianacoaching.pro\/index.php\/kontakt-coaching-krakow\/","name":"Kontakt - coaching Krak\u00f3w : Zmiana - Us\u0142ugi Psychologiczne","isPartOf":{"@id":"https:\/\/zmianacoaching.pro\/#website"},"primaryImageOfPage":{"@id":"https:\/\/zmianacoaching.pro\/index.php\/kontakt-coaching-krakow\/#primaryimage"},"image":{"@id":"https:\/\/zmianacoaching.pro\/index.php\/kontakt-coaching-krakow\/#primaryimage"},"thumbnailUrl":"https:\/\/zmianacoaching.pro\/wp-content\/uploads\/2023\/05\/305803535_109198068597591_9102228996560898037_n.png","datePublished":"2023-05-10T14:50:19+00:00","dateModified":"2023-05-10T15:35:23+00:00","description":"Prowadz\u0119 coaching w Krakowie lub zdalny, za po\u015brednictwem wybranej platformy. Coaching Krak\u00f3w: ul. J\u00f3zefit\u00f3w 9.","breadcrumb":{"@id":"https:\/\/zmianacoaching.pro\/index.php\/kontakt-coaching-krakow\/#breadcrumb"},"inLanguage":"en-US","potentialAction":[{"@type":"ReadAction","target":["https:\/\/zmianacoaching.pro\/index.php\/kontakt-coaching-krakow\/"]}]},{"@type":"ImageObject","inLanguage":"en-US","@id":"https:\/\/zmianacoaching.pro\/index.php\/kontakt-coaching-krakow\/#primaryimage","url":"https:\/\/zmianacoaching.pro\/wp-content\/uploads\/2023\/05\/305803535_109198068597591_9102228996560898037_n.png","contentUrl":"https:\/\/zmianacoaching.pro\/wp-content\/uploads\/2023\/05\/305803535_109198068597591_9102228996560898037_n.png","width":408,"height":465,"caption":"Zmiana - Us\u0142ugi Psychologiczne; Prokrastynacja i sposoby radzenia sobie z ni\u0105"},{"@type":"BreadcrumbList","@id":"https:\/\/zmianacoaching.pro\/index.php\/kontakt-coaching-krakow\/#breadcrumb","itemListElement":[{"@type":"ListItem","position":1,"name":"Strona g\u0142\u00f3wna","item":"https:\/\/zmianacoaching.pro\/"},{"@type":"ListItem","position":2,"name":"Kontakt &#8211; coaching Krak\u00f3w"}]},{"@type":"WebSite","@id":"https:\/\/zmianacoaching.pro\/#website","url":"https:\/\/zmianacoaching.pro\/","name":"Zmiana - Us\u0142ugi Psychologiczne","description":"Zmiana nawyk\u00f3w, radzenie sobie z prokrastynacj\u0105, radzenie sobie ze stresem, medytacja, coaching behawioralny","publisher":{"@id":"https:\/\/zmianacoaching.pro\/#\/schema\/person\/049446d1c5baeeb057194bb605780e7a"},"alternateName":"Zmiana","potentialAction":[{"@type":"SearchAction","target":{"@type":"EntryPoint","urlTemplate":"https:\/\/zmianacoaching.pro\/?s={search_term_string}"},"query-input":{"@type":"PropertyValueSpecification","valueRequired":true,"valueName":"search_term_string"}}],"inLanguage":"en-US"},{"@type":["Person","Organization"],"@id":"https:\/\/zmianacoaching.pro\/#\/schema\/person\/049446d1c5baeeb057194bb605780e7a","name":"Pawe\u0142","image":{"@type":"ImageObject","inLanguage":"en-US","@id":"https:\/\/zmianacoaching.pro\/wp-content\/uploads\/2023\/05\/305803535_109198068597591_9102228996560898037_n.png","url":"https:\/\/zmianacoaching.pro\/wp-content\/uploads\/2023\/05\/305803535_109198068597591_9102228996560898037_n.png","contentUrl":"https:\/\/zmianacoaching.pro\/wp-content\/uploads\/2023\/05\/305803535_109198068597591_9102228996560898037_n.png","width":408,"height":465,"caption":"Pawe\u0142"},"logo":{"@id":"https:\/\/zmianacoaching.pro\/wp-content\/uploads\/2023\/05\/305803535_109198068597591_9102228996560898037_n.png"},"sameAs":["https:\/\/zmianacoaching.pro","facebook.com\/zmianaup"]}]}},"_links":{"self":[{"href":"https:\/\/zmianacoaching.pro\/index.php\/wp-json\/wp\/v2\/pages\/25","targetHints":{"allow":["GET"]}}],"collection":[{"href":"https:\/\/zmianacoaching.pro\/index.php\/wp-json\/wp\/v2\/pages"}],"about":[{"href":"https:\/\/zmianacoaching.pro\/index.php\/wp-json\/wp\/v2\/types\/page"}],"author":[{"embeddable":true,"href":"https:\/\/zmianacoaching.pro\/index.php\/wp-json\/wp\/v2\/users\/1"}],"replies":[{"embeddable":true,"href":"https:\/\/zmianacoaching.pro\/index.php\/wp-json\/wp\/v2\/comments?post=25"}],"version-history":[{"count":4,"href":"https:\/\/zmianacoaching.pro\/index.php\/wp-json\/wp\/v2\/pages\/25\/revisions"}],"predecessor-version":[{"id":39,"href":"https:\/\/zmianacoaching.pro\/index.php\/wp-json\/wp\/v2\/pages\/25\/revisions\/39"}],"wp:attachment":[{"href":"https:\/\/zmianacoaching.pro\/index.php\/wp-json\/wp\/v2\/media?parent=25"}],"curies":[{"name":"wp","href":"https:\/\/api.w.org\/{rel}","templated":true}]}}